. Let o(n) = 2*n**2 - 2*n. Let a be o(2). Calculate the highest common divisor of a and q.
4
Suppose 5*z = -25, -36 + 137 = 3*c - 4*z. What is the highest common divisor of 18 and c?
9
Let v be 2/3 - 26/(-6). Suppose -v*n + 45 = 5*i - 30, 3*i = -5*n + 65. Calculate the highest common factor of n and 4.
2
Suppose -2*o + 4 = -3*o. Let q be 26/o*22/(-11). What is the highest common divisor of 39 and q?
13
Let n(a) = a**3 + 12*a**2 + 13*a - 7. Let b be n(-9). What is the highest common divisor of 17 and b?
17
Suppose -2*x = -4*x + 8. Let p be (-1 + -8)*(-16)/12. Calculate the greatest common factor of p and x.
4
Suppose -14 = h - 54. Let z = h - -15. What is the greatest common factor of 5 and z?
5
Let j(y) = y**2 + 5*y - 8. Let t be j(-7). What is the greatest common factor of 9 and t?
3
Let n(b) = 3*b - 12. Let y be n(6). Calculate the greatest common factor of y and 48.
6
Let u(o) = 2*o + 3. Let d be u(-3). Let n(g) = g**2 + 1. Let x be n(d). What is the greatest common factor of x and 25?
5
Suppose -4*p = -0*p + 5*v - 30, -p + 4 = 3*v. Suppose 2 + 2 = 2*l. Suppose -l*o = -4*o + 8. What is the greatest common factor of o and p?
2
Let a = 15 + -9. Let v = 18 + a. Calculate the greatest common factor of v and 16.
8
Suppose 3*y = 7*y - 5*t - 265, -t - 185 = -3*y. Suppose -z + c + 18 = -c, 0 = 2*c - 6. Calculate the highest common factor of z and y.
12
Let w = 13 - 9. Suppose -220 = -w*z + 3*a - 6*a, -a + 110 = 2*z. Calculate the greatest common factor of 11 and z.
11
Suppose -2*q - 3*q = 25. Let d be (-1)/((-4)/(-121)) - 10/(-40). Let n be d*(-1)/q*-12. Calculate the highest common divisor of 9 and n.
9
Let r be (-106)/(-6) + 12/(-18). What is the highest common factor of r and 17?
17
Let r = -8 + 11. Suppose -r*x + 2*x = -2. Suppose 0*d = 5*d + y - 192, x*d + y = 75. What is the greatest common divisor of 13 and d?
13
Let p(h) = 86*h - 7. Let d be p(2). Calculate the greatest common factor of d and 33.
33
Suppose -386 = -4*w - 50. Suppose 3*j + 1 - 7 = 0. Suppose w = j*c - c. What is the greatest common divisor of 12 and c?
12
Suppose 0 = 2*x + 2 + 2. Let i be 2/(x/(-19)) + -2. Calculate the highest common factor of i and 68.
17
Suppose 2*z - 102 = -5*w + 3*w, 0 = 3*z - w - 141. Let q = -42 + 74. What is the highest common factor of z and q?
16
Let b(w) = -14*w - 18. Let a be b(-3). Calculate the greatest common factor of 36 and a.
12
Let y(g) = g**2 + 2*g - 4. Let u be y(-4). Suppose 2*r + u*n - 8 = 0, 2*r + 3*n = -2*r + 36. Calculate the greatest common factor of 30 and r.
6
Let x = 35 - 30. Suppose -5*o + x = 0, 20 = 5*r - 3*o - 32. Let l(d) = -d + 6. Let h be l(-5). Calculate the greatest common factor of r and h.
11
Let o be ((-290)/(-116))/(5/24). Let i(x) = 7*x**2 - 2*x. Let a be i(2). What is the greatest common divisor of o and a?
12
Let i(o) = -2*o + o - 6*o**2 - o**3 - 7*o - 5. Let t be i(-5). Suppose 4 + 36 = 8*q. What is the greatest common divisor of t and q?
5
Suppose 0 = 73*w - 72*w - 273. Calculate the greatest common divisor of w and 39.
39
Let z be 2/6*(-6)/(-2). Suppose 0 = -2*f + f + z. Let g be 2/2 - -1*7. Calculate the greatest common divisor of f and g.
1
Suppose -3*y = 2*y - 5*m - 880, 4*m = -4*y + 664. Suppose y = 3*j - 309. Calculate the highest common divisor of 20 and j.
20
Let m(u) = -u + 1. Let z = 1 + -4. Let h be m(z). Suppose 2*k - 28 = -h*w, 100 = -k + 6*k + 4*w. Calculate the highest common divisor of k and 36.
12
Suppose -530 = -14*v + 982. What is the highest common divisor of v and 36?
36
Let j be (-1292)/(-20) + (-6)/10. Let m(y) = 3*y - 2. Let w be m(6). Calculate the greatest common factor of j and w.
16
Suppose -63 = -5*n + 77. Calculate the greatest common factor of 112 and n.
28
Suppose 4*b = -118 + 478. Let t(c) = 15*c**2 - c + 1. Let i be t(1). Suppose -5 = m - i. What is the highest common divisor of m and b?
10
Let h(u) = 3*u - 1. Let w be h(2). Calculate the greatest common factor of w and 55.
5
Let m = -9 + 11. What is the greatest common factor of m and 16?
2
Suppose z - 94 = -5*v, -2*z - 38 = -3*v + 2*z. Calculate the highest common divisor of v and 144.
18
Suppose -2*s + 11 - 5 = 0. Suppose -4*j + s*j + 26 = 0. Calculate the highest common divisor of 130 and j.
26
Let z be (-2)/(-8) - (-7)/4. Let w be -4*z/(-3 + 1). Suppose -5*t + 3*h + 27 - 1 = 0, 2*t + w*h = 0. What is the highest common factor of t and 44?
4
Suppose 0 = o - 5. Let u = o - 5. Let g = u + 17. What is the highest common factor of g and 34?
17
Suppose -5*q = -10*q + 375. What is the highest common factor of q and 25?
25
Let p = 18 - 12. Suppose p*s - s = 220. Calculate the highest common divisor of 11 and s.
11
Let g(r) = -r**3 + 8*r**2 + 8. Suppose x = 5*x - 24. Let v be g(x). Let k be -25*((-2)/5)/1. What is the highest common factor of k and v?
10
Let h be (-1 - 11 - 2)*-1. Suppose -3*l + y - 2*y - 7 = 0, 5*l = -y - 9. Let v = l - -3. Calculate the greatest common factor of h and v.
2
Suppose -z = 2*y - 24, -5*y = 3*z - 45 - 25. Suppose 8 = 3*v - 7. Calculate the greatest common divisor of z and v.
5
Suppose 7*z + 40 = 3*g + 2*z, 0 = -4*g + 3*z + 35. Suppose 0 = -4*q, -5*i + g*q + 25 = q. What is the greatest common divisor of i and 40?
5
Suppose -3*j = -86 + 5. What is the highest common divisor of j and 18?
9
Let d = 10 + -12. Let z be 0 - (6 + d)*-28. Let x = -1 + 15. Calculate the greatest common divisor of x and z.
14
Let k be (6/(-4))/((-3)/10). Suppose -4*n + 4*x = n, 5*n - 45 = -k*x. Calculate the greatest common factor of 32 and n.
4
Let q(t) = t**3 + 5*t**2 - 7*t + 3. Let p be q(-6). Let b be (-1 + 7)*24/4. Suppose -7*u + b = -3*u. Calculate the greatest common divisor of p and u.
9
Let c = -31 - -61. Suppose -2 = -4*i + c. Calculate the highest common factor of i and 1.
1
Suppose -4*r - 3*i + 9 = 0, 0*i - 13 = -5*r - 2*i. Let f(z) = 2*z + 0*z - z - 4. Let b be f(6). Calculate the highest common factor of b and r.
1
Let n(t) = -11*t + 5. Let d be n(-5). Suppose -8*x + 67 + 93 = 0. Calculate the greatest common factor of d and x.
20
Let k(c) = -c**2 + 5*c. Let g be k(4). Let i be (-2)/3 - 22/(-6). Suppose -i*b = -b - 32. Calculate the greatest common divisor of g and b.
4
Suppose 10 + 10 = -4*k. Let w be (-91)/(-35) + 3/k. Suppose 0*l = -3*l + 18. Calculate the highest common divisor of w and l.
2
Suppose 14 = 2*t + 5*t. Calculate the highest common factor of 38 and t.
2
Let d = 11 + -15. Let l be ((-4)/6)/(d/228). Let g be (2 + -5)/((-2)/38). What is the highest common factor of l and g?
19
Suppose -2*h + 7*h = -10. Let m be 4 - ((-10)/2 - h). What is the greatest common divisor of 7 and m?
7
Suppose 1 = -2*w + n, -1 = -n + 4. Let a(y) = 4*y - 2*y - 4 - y**3 - 6 + 7*y**w. Let r be a(7). What is the highest common factor of r and 16?
4
Suppose 0 = -3*x - 5*d + 31, -22 = -x - 5*d + d. Calculate the highest common factor of x and 16.
2
Let l = -20 - -37. Let x be (0 + 0 - -1)*l. Let n = x - 8. What is the highest common divisor of 6 and n?
3
Let y be (5 + 21/6)*4*3. Calculate the highest common divisor of y and 6.
6
Let c = 95 + -61. Let l(z) = z**3 - 4*z**2 - 3*z - 4. Let i be l(5). Let p = i + c. Calculate the highest common factor of p and 20.
20
Suppose o = -3*o + 136. Calculate the greatest common factor of 306 and o.
34
Suppose 5*v - 43 = t, -4*t = 4*v - 0*t - 20. What is the greatest common divisor of 12 and v?
4
Let r(g) = g**2 - 8*g + 3. Let o be r(7). Let c = -5 - o. Let q be c + 2/4*4. Calculate the highest common factor of q and 5.
1
Let r(w) = -13*w**2 - 5*w. Let k(o) = -25*o**2 - 9*o. Let s(z) = -4*k(z) + 7*r(z). Let p be s(1). What is the highest common divisor of p and 10?
10
Suppose -362 = -4*d - 110. Suppose g + g - 14 = 0. Calculate the greatest common factor of g and d.
7
Let g(q) = -q**3 + 8*q**2 + 8*q + 11. Let m be g(9). What is the highest common factor of 1 and m?
1
Let w be (2 - 26/2)*-5. What is the highest common factor of 11 and w?
11
Let d(b) = -5*b + 4*b - b - 3*b. Let w be d(-2). What is the highest common factor of w and 90?
10
Suppose -88 = -3*d - 37. What is the highest common factor of 153 and d?
17
Suppose -20 = -5*z - 2*y + 4*y, -3*y + 16 = 4*z. Calculate the greatest common divisor of z and 2.
2
Let h = 10 + -6. Suppose 0 = 2*b - 1 - 3, h*b + 208 = v. What is the highest com